 Let m be 6*(3 + (-2)/(-4)). What is the highest common divisor of l and m?
21
Suppose 2*j = 1 + 1. Let r be (18/4 - 4)*14*j. Calculate the greatest common factor of r and 1.
1
Let c(k) = -k**2 + 15*k - 25. Let x be c(12). Let p be (-40)/(-3)*(-4 + 7). Let f = p + -29. Calculate the highest common divisor of f and x.
11
Suppose -3*y = -0*y - 39. Let s = 4 + 9. What is the greatest common factor of y and s?
13
Let x(r) = -3*r**3 - r**2 + 2*r + 3. Let d be x(-2). Suppose -73 - 195 = -2*c. Suppose c = 6*h - 436. Calculate the highest common divisor of d and h.
19
Let j be 23/2*(2 + 0 + 124). Calculate the highest common divisor of j and 9.
9
Let m(t) = 15*t**2 - 181*t + 17. Let b be m(12). Let u be 3*1/(-3)*-1. What is the greatest common divisor of b and u?
1
Suppose 7*i = -10 + 31. Let k = 33 + -13. Suppose -u = i*u - k. What is the highest common divisor of 15 and u?
5
Let z(o) = 24*o**2 + 19*o + 82. Let i be z(-4). Calculate the highest common divisor of i and 156.
78
Let d be (-9)/(-4)*(-400)/(-60)*5. What is the highest common divisor of 105 and d?
15
Let k be 36/252 - (-17358)/14. What is the greatest common divisor of 8 and k?
8
Let o(r) = r**2 + 18. Let a be o(0). Calculate the highest common factor of a and 99.
9
Let o = 77 + -66. Calculate the highest common factor of o and 99.
11
Let x be (-23)/(-3) - (2/1)/(-6). What is the greatest common factor of 64 and x?
8
Suppose -j - 42 = 2*j. Let s be (-6)/(-2) - (3 + j). Let r = 24 - s. Calculate the greatest common factor of r and 25.
5
Let m be 1 - (176/(2 - 6) - -4). Suppose -5 = 6*r - m. What is the greatest common divisor of r and 2?
2
Let n be (-79772)/(-210) - 2/(-15). Calculate the highest common factor of 20 and n.
20
Let u(d) = -11*d - 4. Let y be u(-2). Calculate the greatest common factor of 18 and y.
18
Suppose 3*k = 2*h + 6, -2*k = 5*h + 2 - 6. Suppose -23 = -k*q + q. Let r = 2590 - 2567. What is the greatest common divisor of r and q?
23
Suppose -g + 0*x + 7 = x, -2*g + 4*x = 10. Let q = g + 18. What is the greatest common divisor of q and 84?
21
Let c(k) = -2*k**3 + k**2 - k - 3. Let f be c(2). Let r = f - -28. Suppose -j - r + 76 = 0. What is the greatest common divisor of 13 and j?
13
Let f be (12/(-21) - 0)*364/(-8). What is the highest common divisor of 299 and f?
13
Suppose 2*g + 5*v = 118, -4*v = -4*g - v + 210. Suppose 0 = -3*a - 6*h + 7*h + 242, 0 = 4*a - h - 323. Calculate the highest common factor of g and a.
27
Let k be (-2)/((-42)/(-322)*2/(-3)). What is the highest common divisor of k and 391?
23
Suppose 5*u = 333 + 987. Let z be (-1)/4 - (1 - 137/4). Calculate the greatest common factor of u and z.
33
Suppose 93 = h + 4*l, -5*h - 5*l + 443 + 7 = 0. Let s = -5 + h. Calculate the greatest common factor of 126 and s.
42
Suppose 0*h + 2079 = 7*h. Suppose -q = 2*q - h. Calculate the highest common factor of q and 9.
9
Let w be 0/11*1 + 9. What is the highest common factor of w and 171?
9
Let s = -2759 + 2773. What is the highest common divisor of s and 217?
7
Let l = 392 + -369. What is the greatest common factor of 184 and l?
23
Let q be (80/2)/((-4)/(-6)). Suppose 4*z - 23 = -3*r, 3*z = 2*r - 3 + 16. Calculate the greatest common factor of z and q.
5
Suppose -3 = -v + 1. Suppose 2*c - v*c = -6. Let p(f) = -f**3 + 5*f**2 + 2*f - 3. Let d be p(c). What is the greatest common factor of d and 21?
21
Suppose -20*v + 545 = -7555. What is the highest common divisor of 45 and v?
45
Let g be 3/54*-4 + (-124)/9. Let v = g - -24. Calculate the greatest common divisor of v and 20.
10
Suppose -2*t = 5*k + 14, -4*k = -5 + 21. Suppose z = -t*z - 84. Let c be (-6)/z + 929/7. Calculate the highest common factor of 19 and c.
19
Suppose -5*b - 2*t = 90, 5*b - 3*t + t = -90. Let w = b - -19. What is the highest common factor of w and 1?
1
Let m be ((-33)/6 - -5) + 1004/8. What is the highest common factor of 15 and m?
5
Suppose 67*c - 250 = 65*c. Suppose -d = 4*h - c, -4*h - 139 = -d - h. What is the greatest common divisor of 19 and d?
19
Suppose z = 50 + 58. Let u = -2 + -2. Let i(s) = -9*s - 9. Let l be i(u). Calculate the highest common factor of z and l.
27
Let x = -14 - -62. Suppose o = 9 - 3. Let q be (4/o)/((-5)/(-45)). What is the greatest common divisor of x and q?
6
Let i(w) = -3*w. Let p(f) = -2*f. Let c(x) = -5*i(x) + 7*p(x). Let m be c(10). What is the highest common divisor of 20 and m?
10
Suppose 2*m + 126 = 166. What is the greatest common divisor of 95 and m?
5
Suppose -13*s - 353 = -561. Calculate the highest common divisor of 136 and s.
8
Let z(j) = -j**2 + 28*j + 40. Let l be z(20). What is the greatest common divisor of l and 25?
25
Let i = -5 - -13. Suppose 2*r + 2*x - 80 = 0, -5*r = 4*x - 207 + 7. Calculate the highest common factor of i and r.
8
Let j = 4 + 141. Let p be 3 - (11 + (2 - 4)). Let l be (1 - -5)*(-58)/p. Calculate the highest common divisor of j and l.
29
Let j = 95 + -92. Suppose -5*h = -10, j*v - 4*h = 36 + 19. Let p be -21*(2 - (5 - 2)). Calculate the greatest common factor of v and p.
21
Let i be (-2)/8 + (-183)/(-12). Suppose -3 = i*o - 18*o. Let r be 12 - (o - -2 - 1). Calculate the highest common divisor of 110 and r.
10
Suppose k - 13 = 3*v, 3*k + 4*v + 13 = -0*v. Let r = 8 + 1. What is the greatest common factor of k and r?
1
Let z(u) = -u**3 - 9*u**2 - 2*u + 5. Let w be z(-9). Let l be 72/3 + (-1 - 0). Calculate the highest common divisor of l and w.
23
Suppose h = 2 + 3. Suppose -z + a + 3*a = -12, 0 = 2*z + h*a - 50. Let u(i) = i**2 - 4*i - 4. Let j be u(6). What is the greatest common divisor of z and j?
4
Suppose 0 = -5*y + 2*y + 120. Suppose j - y = -0*j + 3*o, -2*j + 130 = 4*o. Suppose 3*a - j = -13. Calculate the highest common divisor of a and 2.
2
Let p be -3 + 2 - 7 - -2. Let l be p*2/4 - -3. Let z = l + 9. What is the greatest common factor of z and 63?
9
Let u be -222*(1 - 2 - (-40)/(-24)). What is the highest common factor of 74 and u?
74
Let c(n) = n**2 + 9*n - 6. Let o be c(-10). Suppose -2 = o*t - 2066. Let s = t + -252. Calculate the greatest common divisor of 24 and s.
24
Let d be (-59778)/(-51) - 4/34. Suppose -j - d = -5*n, -n - 2*j - 238 = -2*n. What is the highest common divisor of n and 26?
26
Suppose -i + 52 = 5*x - 58, 0 = -3*x - 4*i + 83. Let t be (3/(-2))/((-3)/6). What is the highest common divisor of x and t?
3
Let v(o) = o**2 + 8*o - 2. Let h be v(-14). Let x = h + -59. Calculate the greatest common factor of x and 161.
23
Suppose 8*h - 264 = 5*h. Let d(y) = 3*y - 2. Let u be d(2). Suppose -u*v + 2*v = -22. Calculate the greatest common divisor of h and v.
11
Let f be (-1338)/(-2)*3 + 15 + -18. Suppose 552 = -3*s + f. What is the highest common divisor of 44 and s?
44
Let i = -54 + 59. Let x(z) = 10*z + 10. Let b be x(i). What is the highest common divisor of 40 and b?
20
Let q be (-44 + 1)/(6 + 30/(-6)). Let y = q - -51. Calculate the greatest common divisor of 20 and y.
4
Suppose -1128*v - 276 = -1140*v. Calculate the highest common factor of v and 1.
1
Suppose -5*d = 626 - 2661. Calculate the greatest common factor of d and 74.
37
Let m = -46 - 102. Let t = m - -238. Suppose 5*j - 8 = 5*x + 82, -2*j + 3*x = -36. Calculate the highest common factor of t and j.
18
Let d(u) = 116*u**3 - u. Let i be (24/(-14))/(10/(-35)). Suppose 0 = -i*f + 8*f - 2. Let w be d(f). Calculate the highest common divisor of w and 23.
23
Let x = 202 + -177. Calculate the greatest common divisor of 225 and x.
25
Let t be 5/20 - (-287)/4. Suppose -a + t = 3*a. Calculate the highest common factor of a and 3.
3
Suppose -3*j + 2*q + 41 = -408, -4*j + 632 = 4*q. Let i = 196 - j. Calculate the highest common divisor of 387 and i.
43
Let x be 3/2 + (-4)/(-8). Let u be x/5 + 496/10. Calculate the highest common factor of 10 and u.
10
Suppose -939 = 3*m - 4*f, -4*f - 81 - 232 = m. Let g = -105 - m. What is the highest common factor of g and 26?
26
Let m = -21 - -45. Calculate the greatest common divisor of m and 252.
12
Suppose 0 = -5*j - b + 30 + 20, -4*j + 3*b + 40 = 0. Suppose 25 = 5*w, -w = -x - 4*x + j. Calculate the highest common divisor of x and 15.
3
Let f be 2 + 22 + -1 + 3. Let i be 4/5 - 5046/(-30). Calculate the highest common factor of f and i.
13
Suppose -5*b + 5*k = -190, -6*b + 174 = -b + 3*k. Let a(n) = -25*n + 4. Let